the third derivative of -f**7/840 + f**6/720 + f**5/120 - f**4/8 + 6*f**2. Let s(w) be the second derivative of h(w). Determine s(-2).
-13
Let q(u) = u - 5. Let i be (-2)/(-11) + (-75)/(-11). Give q(i).
2
Let p = 0 + 0. Let x(t) be the third derivative of t**4/24 - t**3/2 - 43*t**2. Calculate x(p).
-3
Suppose 0 = -5*d - 1 + 16. Let q(z) = 0*z**3 - z**d + 2*z**3 + 0 + 1. What is q(1)?
2
Let n(g) be the second derivative of -1/720*g**6 + 0*g**2 + 0 + 0*g**5 + 0*g**3 + 3*g - 1/12*g**4. Let y(d) be the third derivative of n(d). What is y(3)?
-3
Let v(q) = 5*q**3 - q**2 - 4*q + 5. Let d(r) = -r**3 - r**2 + r. Let y(g) = 4*d(g) + v(g). Determine y(5).
5
Suppose -2*y + 8 = -6*y. Let w(c) be the second derivative of c**3/3 - 11*c. What is w(y)?
-4
Let u(r) be the first derivative of r**4/24 + 4*r**3/3 + 2*r**2 - 1. Let o(k) be the second derivative of u(k). Let j(t) = 2*t - 2. Let w be j(-2). Give o(w).
2
Let c(k) be the third derivative of 0 - 1/3*k**4 + 1/6*k**3 + 0*k - 2*k**2. Let f = 7 - 6. Give c(f).
-7
Let s(z) = -3*z - 4. Let p(h) = -h**2 + 11*h + 12. Let q(b) = -b**2 + 12*b + 12. Let a(g) = -4*p(g) + 3*q(g). Let c be a(9). Calculate s(c).
5
Let i(m) be the third derivative of m**5/60 + m**4/6 + m**3/3 - 6*m**2 + 2*m. What is i(-5)?
7
Let g(u) = 2 + 2 - 2 - u + 1. Let o(l) = -l**3 - 5*l**2 + 6*l + 5. Let p be o(-6). Let t be g(p). Let h(x) = -x**3 - 3*x**2 - 3*x. Determine h(t).
2
Suppose 4*v + 15 = -17. Let p = 7 - v. Let r be (-12)/16 - p/(-4). Let w(j) = j**2 - j - 4. Determine w(r).
2
Let v be 5/2 + 1/2. Let w(m) = -7*m**2 + 7*m + 16. Let c(z) = -3*z**2 + 3*z + 7. Let h(i) = 5*c(i) - 2*w(i). Calculate h(v).
-3
Let g = -36 - -36. Let l(t) be the third derivative of 2*t**2 - 1/20*t**5 + 0*t + g + 0*t**3 + 1/24*t**4. Give l(1).
-2
Let q(x) = 3*x + 2. Let u be q(5). Suppose 0 = -5*k + d - 21, 0 = -5*d - u - 3. Let b(g) = g**2 + 4*g - 7. What is b(k)?
-2
Let u(q) = q**3 - 10*q**2 + 9*q - 1. Let w(i) = i**3 + 4*i**2 - 3*i - 2. Let g be w(-4). Suppose 5*k - g = 35. Let z be u(k). Let c(p) = 7*p**2 - 1. Give c(z).
6
Let p(o) be the third derivative of o**2 + 17/24*o**4 + 0 + 0*o - 7/3*o**3. Let m(s) = -6*s + 5. Let v(b) = 11*m(b) + 4*p(b). Give v(3).
5
Let o(i) = -i + 4. Let w(d) = d. Let t(y) = o(y) + 2*w(y). Determine t(-6).
-2
Let h(d) = -d + 11. Let i be h(9). Let l(s) be the third derivative of 0 + 0*s - 1/6*s**4 + s**2 - 1/6*s**3. Calculate l(i).
-9
Let s(i) = -2*i**2 + 37*i - 23. Let p be s(18). Let t(y) = -y**2 - 7*y - 1. What is t(p)?
9
Let i = 6 + -10. Suppose -p = -2*p + 2. Let y(d) = 0*d**p + 0*d**2 + d**2 + 1 + 4*d. Determine y(i).
1
Let h = -5 + 7. Let k(q) = -4*q + q**3 + h*q + 3*q - 3 - 265*q**2 + 262*q**2. Determine k(3).
0
Let i(a) be the first derivative of -3*a**2/2 - 4*a + 5. Let b(x) = -3*x**3 + x**2 - x. Let u be b(1). Calculate i(u).
5
Let w(y) be the second derivative of 0 - 1/3*y**3 + 2*y**2 + 2*y. Calculate w(-3).
10
Let d(h) = -h + 1. Let a(u) = -4*u + 4. Let i = 1 - 0. Let w be -10 + i + 0/2. Let m(b) = w*d(b) + 2*a(b). Give m(4).
3
Suppose 0*k + 7 = 5*k - q, -5*k + 2*q + 4 = 0. Let g(m) = -5*m**2 + 4*m + 6 - 1 - m**3 + m**k. Calculate g(-5).
10
Let o(i) = -i**2 + 0*i**3 + 2*i**3 + 6 + 4 - 3*i**3. Give o(0).
10
Let b be 3/6 + (-15)/6. Let k = -1 - -3. Let w(o) = -k + 2*o + 3*o + 1. What is w(b)?
-11
Let t(z) = z**3 - z - 5. Let r be t(0). Let x(h) = -2*h - 6. What is x(r)?
4
Let g(k) = -k**2 + 6*k - 7. Let i(a) = -a**2 - 1. Let f(j) = -g(j) + 2*i(j). Suppose -4*n - 20 = 4*m - 0*n, 2*m = -n - 11. Give f(m).
5
Let z(f) = f**2 + 5*f + 4. Suppose 8*j = 5*j - 15. Determine z(j).
4
Suppose 0 = m - 3 - 1. Suppose -5*f - 40 = -5. Let k(r) = -2*r + 8. Let c(s) = 3*s - 12. Let o(t) = f*k(t) - 5*c(t). Give o(m).
0
Suppose 0 = -6*y + y - 5*p + 5, -5*p = -4*y + 31. Suppose 13 + 11 = -y*i. Let t(a) = -a - 4. Give t(i).
2
Let h = 7 - 4. Suppose -2*n + 5 + h = 0. Let i(d) = 0*d + 6*d + 2*d**2 - n*d - 2*d**3 - 2. What is i(2)?
-6
Let r be 4/(-18) + (-168)/(-27). Let a(w) = 0*w + w**2 - r - 7*w + w. Give a(6).
-6
Let y = -6 + 8. Let j(l) = 4*l + 5*l**2 - 2 - 3*l**y - 3*l**2. Calculate j(4).
-2
Let k = -3 - -8. Let p(s) = -k + 3 - 3 + 4*s - 2*s. Give p(4).
3
Let a(f) be the third derivative of -f**4/12 - 2*f**3/3 - 36*f**2. What is a(-3)?
2
Let w(p) = -p - 4. Let i(g) = g**2 + 4*g - 2. Let v = 3 - 7. Let u be i(v). What is w(u)?
-2
Let i(a) = -a**3 + 4*a**2 + 3*a. Suppose 2*d - 5 = 3. Suppose 4*p - 10 + d = -2*t, 0 = -5*t + 2*p + 27. Determine i(t).
-10
Let a(q) = 3 + 289*q - 282*q + 1 - q**2. What is a(6)?
10
Let g(j) = 6*j**3 - j**2 - 2*j - 2. Let d be g(-1). Let y(q) = q - 2. Calculate y(d).
-9
Let v(r) = -r**3 + 3*r**2 + 5*r - 2. Let o be ((-27)/36)/(3/(-16)). Calculate v(o).
2
Let o(s) = -2*s**2 + s + 3. Let x = 21 + -17. Let c(i) = 5*i**2 - 3*i - 7. Let b(l) = x*c(l) + 9*o(l). What is b(3)?
8
Let u = -24 + 25. Let h(l) = -1 + 5*l**3 + 0*l**2 + l**3 + l**2. Determine h(u).
6
Let r(i) = -i**3 + 7*i**2 + i - 3. Let h be r(7). Suppose 0 = 3*o - 2 - h. Suppose 0*t = t + o. Let b(y) = -5*y - 2. Give b(t).
8
Let c(z) = z**2 + 4*z + 4. Let m(a) = -1. Let x(q) = c(q) + 6*m(q). Determine x(-3).
-5
Suppose -5*r - 31 = 3*m, 4*m - 1 = -r + 7*m. Let v(w) = -w**3 - 6*w**2 - w + 6. Give v(r).
-14
Let z(w) = w**3 + 19*w**2 + w + 2. Let j(x) = 2*x**2. Let v(g) = -6*j(g) + z(g). Determine v(-6).
32
Let u(l) = -4*l + 1. Let r(g) = g**2 - 6*g - 8. Let y be r(8). Let i be (-4)/5*20/y. Determine u(i).
9
Suppose 19 = 4*j + 3. Let v(q) = 2*q - j + 7 - 4. What is v(-1)?
-3
Let c(s) = 15*s**2 + 4*s + 2 - 2*s**3 - 3*s - 18*s**2. Let x(y) = -y - 9. Let i be x(-7). Give c(i).
4
Suppose -8 = -4*u + 8. Let v(y) be the first derivative of 2*y**2 + y + 1. Let z(i) = 5*i + 1. Let r(m) = u*v(m) - 5*z(m). Determine r(-1).
8
Suppose 3*a + 3 = -g + 7, -3*a = -3*g - 24. Let r(w) be the third derivative of -1/4*w**4 - w**3 + 0 + w**2 + 0*w - 1/60*w**5. What is r(g)?
-1
Let t(f) be the first derivative of -1/2*f**3 - 2 - f + 1/12*f**4 + 3/2*f**2. Let x(n) be the first derivative of t(n). Calculate x(2).
1
Let x(u) = 0 - 4*u - u + 1. Let c be x(1). Let s(q) = q**2 + 2*q. Give s(c).
8
Let p(l) = 36*l + 44*l - 68*l. Let k(c) = -2*c - 1. Let f be k(-1). Let h = f - 2. What is p(h)?
-12
Let l = 2 - -5. Let c(o) = -3*o - 2 + l*o + 0*o - 2*o. Calculate c(3).
4
Let z be 0 + (2 - (2 - 1)). Let s(t) = -61 + 29 + 33 + 2*t + t**3 - 3*t. Give s(z).
1
Let n(w) = w + 2. Suppose 0 = 7*g - 19 - 30. Determine n(g).
9
Suppose 0*k - 6 = -k. Let g(b) = -b**2 + 8*b - 2. Give g(k).
10
Let i(k) = 10*k**2. Let p be (-3)/3 + (0 - 0). What is i(p)?
10
Let f(d) = d**3 + 8*d**2 + d + 10. Let h be f(-8). Let x be h + 7 + (-2)/1. Let a(c) = c**3 - 6*c**2 - 7*c - 3. What is a(x)?
-3
Let o(w) = -10*w**3 - 5*w**2 - 12*w - 7. Let u(j) = j**2 + 2*j + 1. Let f(k) = o(k) + 6*u(k). Let b = -3 - -2. What is f(b)?
10
Let c(h) = h. Let i = -1 + 6. Calculate c(i).
5
Let b = -59 - -66. Let y(i) = 2*i - 5. Determine y(b).
9
Suppose -3*p = p - 4*x - 28, -5*x = -3*p + 31. Let z(b) be the first derivative of -b**4/24 - b**2/2 - 2. Let q(t) be the second derivative of z(t). Give q(p).
-2
Let n be (200/15)/(4/6). Suppose 0 = 5*w - n, -5*f + 4*w + 0*w - 31 = 0. Let q(g) = g**2 + 7*g + 4. What is q(f)?
-8
Let n be -7 - -3 - 3*-1. Let q(c) = c - 1. Calculate q(n).
-2
Let f(q) = -q**2 + q - 1. Let h be (15/(-10))/((-3)/6). Let n(d) = d**2 - d + 1. Let a(s) = h*f(s) + 2*n(s). Determine a(4).
-13
Let j = 5 - 11. Let q be 4*(2 - j/(-4)). Suppose q*r - 4*r - 5*f = -10, 0 = f. Let h(d) = d**3 - 4*d**2 - 7*d + 2. Give h(r).
-8
Let f(l) = 11*l**2 - 10*l**2 - 5*l - 3 - 5. Suppose -2*q - 3*q + 35 = 0. Calculate f(q).
6
Let k(o) = -o**2 + 13*o + 1. Let r be (9 + 1)*3/6. Let s(p) = -7*p - 1. Let j(v) = r*s(v) + 3*k(v). What is j(2)?
-6
Let b(j) = -9*j**2 - 9*j**2 + 6*j - j**3 + 4 + 13*j**2. Calculate b(-6).
4
Let o(g) be the third derivative of -g**4/24 + g**3/3 - 26*g**2. Give o(-4).
6
Let c be 1/((3 - 1) + -1). Let x(o) = 4*o**3 + o**2 + 3. Let p(q) = q**3 + q**2 + q. Let r(g) = c*x(g) - 3*p(g). Calculate r(3).
3
Let f(u) = 5*u**2 - 1. Let j be f(-1). Let h = 1 + j. Suppose -19 = -3*z - h*t, -2*z + t - 9 = -0*z. Let k(q) = q**2 + 4*q + 1. Give k(z).
-3
Let x(c) be the second derivative of c**6/120 + c**4/24 - 2*c**3/3 - c**2/2 + 2